= -w + 3*w**2 - 2*w**2 + 0*w**2 + 6*w. Suppose 0 = -y + 4*d - 5, 3*y + 3 = 4*d - 12. Calculate k(y).
0
Let w(t) = 2*t - 2*t - 4 + 0 + 2*t. Calculate w(6).
8
Let b(f) = -5*f**2 + 7*f + 4. Let q(w) = 11*w**2 - 15*w - 8. Let h(m) = -9*b(m) - 4*q(m). What is h(5)?
6
Let o = 58 - 61. Let v(h) = -2*h**2 + 2*h + 3 - 5 + 3*h**3 - 4*h**3. Give v(o).
1
Let q(w) be the second derivative of w**5/60 - w**4/4 + 5*w**3/6 - 2*w**2 - 3*w. Let g(v) be the first derivative of q(v). Give g(5).
0
Let r(a) = a - 6. Let k be r(5). Let p = k + 1. Suppose p = -4*n + 3*n + 5. Let j(m) = 2*m - 7. Calculate j(n).
3
Suppose -4*w = 5*w - 18. Let a(y) = -6 + 2*y + 2*y - 4*y**2 + 2. Let j(h) = -3*h**2 + 3*h - 3. Let k(t) = -4*a(t) + 5*j(t). What is k(w)?
3
Suppose 5*c - m = 3*m - 7, 5*m = -5*c - 25. Let g(x) = x + 5. Let w be g(-4). Let u(o) = -w + o + 0 - 3*o. Determine u(c).
5
Let k(g) = -g**2 - g - 1. Let m(v) = 10*v**2. Let x(a) = -k(a) - m(a). Let f = 7 + -8. Calculate x(f).
-9
Let m(i) = i**3 - 9*i**2 - 11*i + 7. Let u(y) = 6*y**3 - 44*y**2 - 56*y + 34. Let v(s) = -11*m(s) + 2*u(s). What is v(-10)?
1
Suppose -5*w + 10 = 5*l, 8*w - 50 = 3*w + 3*l. Let t(c) = -c**2 + 9*c - 10. What is t(w)?
4
Let y(o) = 5*o**2 - o**3 + 4*o - 6 + 0*o**2 + 16 + 2. Let v be y(6). Let w(d) = d - 1. Determine w(v).
-1
Let q(h) be the first derivative of -4/3*h**3 + 3/2*h**2 - 1/4*h**4 + 4 + 5*h. Determine q(-4).
-7
Let d(f) = 3*f**2 - 1. Let p(o) = -o**3 + 2*o**2 - 2*o. Let y(s) = -2*s**3 + 2*s**2 - 3*s. Let h(k) = 4*p(k) - 3*y(k). Let q be h(-1). Determine d(q).
2
Let s(y) = y**3 - 5*y**2 - 6*y + 7. Let r(h) = h + 1. Let x be r(5). What is s(x)?
7
Let k(i) = i**2 + i - 7. Let z = -18 + 31. Let y = -10 + z. Suppose 4*t - t = 5*u, y*t = 4*u. What is k(u)?
-7
Let h(t) = 3*t**3 + 5*t**2 + 3. Let k(y) = -5*y**3 - 7*y**2 - 5. Let o(r) = -8*h(r) - 5*k(r). Give o(4).
-15
Let n(q) = 0*q + 0*q + 4 - 3 + 2*q. Let r be (5 + -3 - 1)*5. Calculate n(r).
11
Let h(f) = f**3 + 4*f**2 + f - 1. Let t = -70 + 68. Determine h(t).
5
Let o(g) be the second derivative of -g**3/6 - g**2/2 - 2*g. Suppose -4*c + 4*x + 15 = 5*x, 0 = -c - 4*x. Let q = 1 - c. What is o(q)?
2
Let p(v) be the third derivative of -v**8/1680 + v**7/2520 + v**6/720 - v**4/6 - 3*v**2. Let w(o) be the second derivative of p(o). Calculate w(-1).
4
Let c = 78 + -78. Let z(p) be the first derivative of p**3/3 - p**2/2 - 3*p + 1. What is z(c)?
-3
Let y(u) = -3*u - 1. Suppose w = 3*j - 46, 4*w - 56 = -0*j - 3*j. Let r = 12 - j. Calculate y(r).
11
Let s(z) = -z. Let b(o) be the second derivative of 5*o**3/6 - 2*o. Let t(l) = b(l) + 4*s(l). Suppose 3*a - f - 8 = 3, 0 = -3*f - 6. What is t(a)?
3
Let c(g) = 12*g - 3*g**2 - 2 + g**2 + 5*g**2 - 5*g**3 - 4*g. Let h(d) = -d**3 + d. Let y(f) = c(f) - 4*h(f). Give y(4).
-2
Let h(y) = 2*y**2 + 2. Let g(u) = u - 1. Let n(r) = -5*g(r) - h(r). Let f(l) = -5*l**2 - 11*l + 7. Let b(c) = -3*f(c) + 7*n(c). Calculate b(4).
8
Let h(c) = 4*c**3 + 4*c**2 + 5*c - 9. Let m(o) = -o**3 - o**2 - o + 2. Let d(z) = -2*h(z) - 9*m(z). Calculate d(-2).
-2
Let d(q) = -5*q**2. Let o be (22*-1 - 0)/(-2). Suppose -z - 3 = -j, -2*j - 2*j + o = -3*z. Calculate d(z).
-5
Let f(z) = -z**2 + 15*z - 7. Let u be f(15). Let y(j) = -j**2 - 7*j - 3. Give y(u).
-3
Let l(t) = t**2 - 6*t - 8. Suppose w - 5*u = 2, -4*u = w - u - 10. Give l(w).
-1
Let j = -1 - -5. Suppose p + 1 = h, -6 - 1 = 5*p - j*h. Let n = p - -4. Let r(z) = 3*z**2 - z. What is r(n)?
2
Let u(m) = -m**2 + m. Let g(d) = 4*d**2 - 13*d. Let r(l) = g(l) + 5*u(l). Suppose -n - 16 = 2*f, 3*f - 8*f - 46 = 4*n. Give r(f).
12
Let p(r) = 2 - r**3 - r + 6 - 4 - 1. Determine p(0).
3
Let i(b) = -b**3 + 4*b**2 - b + 5. Suppose 5 = -0*u + u. Suppose 25 = u*p - 25. Suppose -4*j = -p - 6. What is i(j)?
1
Let n(g) = -g**3 + 2*g. Let i be n(-2). Let r(b) be the first derivative of -2*b**3 - 1 + 1/4*b**i + 5/2*b**2 + 4*b. Calculate r(5).
4
Let q(b) = b**3 + 5*b**2 - 2*b - 5. Let n be q(-5). Let a(f) = -f**3 + 6*f**2 - 4*f + 7. Determine a(n).
12
Let m(q) be the third derivative of -q**5/30 - q**4/12 + q**3/2 + q**2. Suppose -3*c = -3*z + 6, 0 = -6*c + 3*c. Calculate m(z).
-9
Let q(r) = r**2 - r + 1. Let b(m) = 2*m**2 - 6*m + 6. Let s(j) = -b(j) + 5*q(j). Determine s(1).
3
Let h(s) = 4*s**2 + 3*s - 8. Let c(r) = r**2 - r + 1. Let x(g) = 3*c(g) - h(g). Give x(-8).
-5
Let d(s) = -s**2 + 3*s - 4. Let h = -9 + 12. What is d(h)?
-4
Let z(t) = t + 11. Let q(n) = -n - 6. Suppose -r - 4*s - 27 = 0, 5*s + 59 = -3*r + 13. Let m(f) = r*q(f) - 4*z(f). What is m(4)?
10
Suppose -7*r + 1 - 15 = 0. Let y(f) = -4*f**2 - 3*f. Determine y(r).
-10
Suppose -20 = l + 3*l. Let b(g) be the third derivative of 1/24*g**4 + 0 + g**3 + 0*g - g**2. Calculate b(l).
1
Suppose -5*k = -2*k - 9. Let z(t) = -2*t**k + 25*t**2 - 24*t**2 - 2*t**3. What is z(-1)?
5
Let g(m) = -m**3 - 8*m**2 + 2*m + 11. Suppose -14 + 54 = -5*q. Give g(q).
-5
Let g(w) = -8*w. Suppose -4 = f - 3*f. Suppose -q = -5*i + 3, 5*i - 2 - 9 = -3*q. Suppose 0 = -f*c + q. Determine g(c).
-8
Let y be 3/(-1)*(-20)/15. Let o(p) = 3*p + 3*p**2 - 3 - 9*p**2 + 5*p**2. Give o(y).
-7
Let c(i) = -i**3 + 4*i. Suppose 0 = -5*b + 15 - 0. Calculate c(b).
-15
Let w(s) = 6*s**3 - 1. Let c be w(1). Suppose -b + 2*b = c. Let r(a) = a. Determine r(b).
5
Let q be ((-8)/6)/(6/18). Let v(w) = -2*w - 3 + 3. Calculate v(q).
8
Let q(o) = o**2 - 3*o - 1. Suppose 0*x - 3*h = 2*x - 15, 3*x = -3*h + 15. Suppose 4*v - v + 6 = x. Calculate q(v).
9
Let n(g) = 10*g**3 - 2*g**2 - 2*g - 1. Suppose -8*r = -3 + 11. Determine n(r).
-11
Let v(g) = 5*g**3 + g**2 - g - 1. Let s = -19 - -22. Suppose s = 4*q + 7. Give v(q).
-4
Let n(y) = -y**3 - 6*y**2 + y. Let z be 2/(-6)*2*9. Determine n(z).
-6
Suppose 0 = 5*h + 4*v + 2, 3*v = 2*h - 5*h. Let t(f) = f**2 + 4*f + 4. Let j(a) = 2*a**2 + 8*a + 9. Let w(p) = -4*j(p) + 9*t(p). Calculate w(h).
-4
Suppose -3*a + 6*a = 12. Let t(x) = -5 + x + 4*x + 3 - a*x. What is t(-3)?
-5
Let q(h) = h**3 + 10*h**2 - 2*h - 15. Let j be q(-10). Suppose -b = 4*b - j. Let v(y) = -y - 3*y + b + y. Determine v(-3).
10
Let m(u) = 4 - 1 - 3*u**2 + 4*u**2 - 3*u**2 + 4*u - u**3. Let v = -3 - -1. Calculate m(v).
-5
Let m(b) = b**2 + 11*b + 7. Let v(w) = w**2 + 10*w + 7. Let y(x) = 4*m(x) - 5*v(x). Determine y(-5).
-2
Let q(f) be the first derivative of -5*f**2/2 + 4*f + 4. Let j(k) = 4*k - 3. Let d(g) = 3*j(g) + 2*q(g). Calculate d(5).
9
Let i(c) = -c**2 + 6*c - 2. Let q be (-14)/77 + 90/11. Suppose 0*y - q = -y. Suppose 6*m - y = 4*m. What is i(m)?
6
Suppose 5*y - 10 = k, k - 4*k - 4*y - 11 = 0. Let q(l) = l**2 + 4*l - 1. Give q(k).
4
Let c(z) = 52*z + 62*z - 110*z - 4. Calculate c(3).
8
Let h(w) = 4*w**2 - 2*w**2 + 1 - 3 - w**2. Determine h(0).
-2
Suppose 2 = 5*s - 3. Let o(j) be the third derivative of j**4/8 - j**3/6 - j**2. Give o(s).
2
Let d(h) be the first derivative of h**3/3 - 2*h**2 - 4*h - 3. Suppose 2*z - 3*z + 1 = 0. Let i be z - -1 - (0 + -1). Determine d(i).
-7
Let n(u) = u - 3. Let x be (-8)/(-12)*(-39)/(-2). Suppose 0*j + 5*j - 9 = -3*t, -5*t - j + 37 = 0. Let y = x - t. Determine n(y).
2
Let v be (-11)/(-3) - 4/6. Let a be -1 + (-2 - (-4 + 1)). Let k(w) = a*w**2 - 2*w**2 + 1 + 3*w**2 - 3*w - 3*w**2 + w**3. What is k(v)?
1
Let y(c) = 1 + 3*c + c + 0 - 5*c. Let g(d) = 5*d - 9. Let s(m) = g(m) + 4*y(m). Determine s(4).
-1
Let r be 3/(2 + (-14)/4). Let x be 2/(-7) + r/(-7). Let b be 2*-1 - x - 0. Let u(i) = -i**3 - 4*i**2 - 4*i - 2. What is u(b)?
-2
Let u(h) be the second derivative of -h**5/20 + h**4/4 + h**3/2 - 5*h**2/2 + 12*h. Let m(l) = -l**3 + 7*l**2 - 4*l - 8. Let q be m(6). What is u(q)?
-9
Let s(k) = k**3 - k**2 - 2*k. Suppose 3*q - 4 = 2*i, 4*q - 5*i = -0*i + 3. Determine s(q).
0
Let s(f) = -f**2 - 6*f - 3. Let u(b) = -b**3 - 5*b**2 - 5*b - 2. Let m be u(-3). Let t = m + 17. Suppose t = -4*y, -5*a - 30 = 2*y + 6. What is s(a)?
-3
Suppose 0*i + 16 = -4*i. Let c(x) be the first derivative of -x**2/2 - 9*x + 11. Give c(i).
-5
Let j = 16 + -17. Let r(u) = 1 + 3*u + 4*u - 3*u. Calculate r(j).
-3
Let q(f) be the second derivative of f**6/720 + f**4/12 - 3*f. Let w(l) be the third derivative of q(l). Calculate w(3).
3
Let k = 34 - 24. Suppose -5 = 3*y + k. Let q(u) be the third derivative of -u**4/24 + 2*u**2. Determine q(y).
5
Let v(q) = 24*q + 23*q - 5 - 44*q. Give v(4